 is -1253632 - -3?
-1253626
In base 2, what is 1000 - -101000101100111?
101000101101111
In base 15, what is 464 + a6?
51a
In base 2, what is 110100111000001010 - 1?
110100111000001001
In base 8, what is 4166105 + -3?
4166102
In base 16, what is -14 - 107ef?
-10803
In base 3, what is 120010 + -1102?
111201
In base 4, what is 1 + -20032102?
-20032101
In base 15, what is 5 - -174b?
1751
In base 13, what is 486 - 129?
35a
In base 6, what is 3 - -202042?
202045
In base 2, what is 1 + 1010111101110110?
1010111101110111
In base 10, what is -850 + -602?
-1452
In base 15, what is -18 - -8d3?
8ba
In base 6, what is -5141 - -2105?
-3032
In base 14, what is -13bb - 60?
-143b
In base 14, what is -3 - 693c?
-6941
In base 2, what is -1010 - -110010101001000?
110010100111110
In base 5, what is -1100 - -4442?
3342
In base 13, what is -4 + 78124?
78120
In base 8, what is 3 - -1645627?
1645632
In base 8, what is -71 - 1106?
-1177
In base 16, what is 3 + -12589?
-12586
In base 4, what is -1 + -121032331?
-121032332
In base 12, what is -2 - -31859?
31857
In base 5, what is -110 - 13011?
-13121
In base 15, what is -2 - -6119?
6117
In base 13, what is -477 + -22?
-499
In base 4, what is -23000 + 12122?
-10212
In base 3, what is -122210 - -10100101?
2200121
In base 2, what is -1 - -10000010010010100?
10000010010010011
In base 8, what is 11 - 1162442?
-1162431
In base 7, what is -2501 + -10250?
-13051
In base 14, what is -119095 + 0?
-119095
In base 11, what is -29372 - -2?
-29370
In base 14, what is 49a0 + -1?
499d
In base 16, what is -12b - 154?
-27f
In base 3, what is -1 - -121021210210?
121021210202
In base 11, what is -39 + 101?
73
In base 8, what is 624231 + 2?
624233
In base 12, what is -40367 - 12?
-40379
In base 15, what is 7 + c6ab?
c6b3
In base 14, what is 120db - 5?
120d6
In base 12, what is 28886 + -5?
28881
In base 11, what is -335a + -133?
-3492
In base 14, what is 16 - 3990?
-3978
In base 7, what is -541 - 5?
-546
In base 10, what is -15 + -6249?
-6264
In base 13, what is 220b68 - 0?
220b68
In base 10, what is 1165 - 43?
1122
In base 8, what is 224 - 25610?
-25364
In base 13, what is -3 - 4a53?
-4a56
In base 12, what is -1 - 28204?
-28205
In base 11, what is 57291 + -4?
57288
In base 8, what is -2 + 42405?
42403
In base 13, what is -2 - -12cab5?
12cab3
In base 9, what is -133713 + -2?
-133715
In base 9, what is 4021 - -24?
4045
In base 5, what is -1 - 330444023?
-330444024
In base 12, what is -2 - b0b5?
-b0b7
In base 4, what is 31011011 + 1?
31011012
In base 15, what is -3d87 + 1?
-3d86
In base 3, what is -111110221100 - 111?
-111110221211
In base 16, what is -3 - -2f93?
2f90
In base 15, what is -267a4 - -2?
-267a2
In base 11, what is 1017 + -11?
1006
In base 12, what is -a4 + -36?
-11a
In base 15, what is -5 + 4caea?
4cae5
In base 3, what is -10011101020 + 11?
-10011101002
In base 8, what is 15 + 226353?
226370
In base 12, what is 5033 + 18?
504b
In base 10, what is 19169 + 14?
19183
In base 11, what is 9a68 - 3?
9a65
In base 13, what is 5 + -159444?
-15943c
In base 15, what is 7c5b2 + 1?
7c5b3
In base 9, what is -2 + 137238?
137236
In base 4, what is 2330213 - -12?
2330231
In base 7, what is -111 - -365?
254
In base 4, what is 21223 - -1112?
23001
In base 9, what is 14036008 + 1?
14036010
In base 3, what is 22201001202 + -10?
22201001122
In base 13, what is -238a4 - 5?
-238a9
In base 2, what is -100 + 100000100000000110?
100000100000000010
In base 15, what is -a9 + -149?
-203
In base 13, what is 33cb - -1?
33cc
In base 10, what is -16516 + -2?
-16518
In base 4, what is -2123032 + -120?
-2123212
In base 15, what is -155 - -13?
-142
In base 2, what is 111110011111 - 1001001?
111101010110
In base 8, what is 25 - -4356?
4403
In base 13, what is -535414 - -1?
-535413
In base 7, what is -1 - -6631?
6630
In base 2, what is 1011100011 - 1000?
1011011011
In base 13, what is -4120c + 2?
-4120a
In base 11, what is 1093 + 492?
1575
In base 2, what is 10010101 + -100111011111011?
-100111001100110
In base 15, what is -94 + 5b9?
525
In base 12, what is -11b6 - 132?
-1328
In base 9, what is 7584 + -10?
7574
In base 2, what is 110000 - -110011000110?
110011110110
In base 15, what is -245806 - 0?
-245806
In base 6, what is 331215 + -4?
331211
In base 2, what is -111000100 - 101010?
-111101110
In base 12, what is 15 + 692?
6a7
In base 7, what is 136 - -4133?
4302
In base 2, what is -110 - -100000000110110?
100000000110000
In base 16, what is -2 - 4ba2?
-4ba4
In base 3, what is 1111001221112 - -10?
1111001221122
In base 16, what is -50f - 0?
-50f
In base 9, what is -7070754 + 2?
-7070752
In base 16, what is 63be - -2?
63c0
In base 7, what is -2 + -515561?
-515563
In base 10, what is -557638 - 4?
-557642
In base 16, what is 62937 + -4?
62933
In base 5, what is -21314221 + 3?
-21314213
In base 3, what is -1000201022 - -1?
-1000201021
In base 14, what is -8c0d1d - -4?
-8c0d19
In base 11, what is -a92 - 6?
-a98
In base 11, what is -65 + -404?
-469
In base 13, what is -8c73 + -14?
-8c87
In base 3, what is -1010112020122 + -20?
-1010112020212
In base 2, what is 100011 + 1110000010?
1110100101
In base 13, what is -2 - 18bb?
-18c0
In base 9, what is -34051 - 1?
-34052
In base 12, what is 26 + -b400?
-b396
In base 12, what is b96 + 19a?
1174
In base 2, what is -10011100011011 + 100111010?
-10010111100001
In base 16, what is 36f - -e3?
452
In base 13, what is 5 - 10544?
-1053c
In base 16, what is -41 - d0?
-111
In base 2, what is -110 - 110011001101?
-110011010011
In base 16, what is -8d39 - -4?
-8d35
In base 8, what is 7222 + 12?
7234
In base 5, what is -220103 + 0?
-220103
In base 4, what is 111012 - 22011?
23001
In base 3, what is -100220 - -22201121?
22100201
In base 10, what is 1 - -5537?
5538
In base 8, what is -143 + 41523?
41360
In base 13, what is b2 + 2690?
2772
In base 3, what is 10 - -20101102?
20101112
In base 11, what is -1 - -8576?
8575
In base 5, what is 103022 - 12?
103010
In base 13, what is -282 - -4c?
-233
In base 11, what is 133017 - 3?
133014
In base 15, what is 1e - 1b07?
-1ad8
In base 14, what is -1 + -2c2327?
-2c2328
In base 2, what is 1001011011001110 - 100?
1001011011001010
In base 3, what is -20020221 - 100?
-20021021
In base 14, what is -5 + -23c6?
-23cb
In base 12, what is 6 - 20a?
-204
In base 12, what is -1177 - -865?
-512
In base 8, what is 25 - 2573?
-2546
In base 7, what is -26 - -324?
265
In base 13, what is 128 + c87?
10b2
In base 3, what is 211201 - -1012211?
2001112
In base 6, what is 402235 - -1?
402240
In base 3, what is -2021012 - -2000?
-2012012
In base 4, what is -3301 - 13?
-3320
In base 2, what is 100001100101010100 + -1?
100001100101010011
In base 2, what is 1111100110100001 - -101?
1111100110100110
In base 7, what is 11263 + -61?
11202
In base 2, what is 1010 - -1001100101?
1001101111
In base 10, what is 59 + 95?
154
In base 10, what is -962530 + -1?
-962531
In base 4, what is -313200 + 10?
-313130
In base 13, what is 54 + ca0b?
ca62
In base 14, what is -8588d9 - 3?
-8588dc
In base 15, what is -1b0 + -79e?
-95e
In base 8, what is -5572 + -1?
-5573
In base 13, what is 189 - 99?
c0
In base 11, what is -5 - -99a3?
9999
In base 8, what is -15265 + -15?
-15302
In base 9, what is 112 - 1663?
-1551
In base 6, what is 110 + -15353?
-15243
In base 2, what is 111010 + 100011110111?
100100110001
In base 4, what is 2113 - -112020?
120133
In base 13, what is -636531 + -3?
-636534
In base 16, what is 5d + -26?
37
In base 9, what is -225563 - 5?
-225568
In base 12, what is -a9b1 + 4?
-a9a9
In base 4, what is -2 - -13312000?
13311332
In base 16, what is -32 - -da4?
d72
In base 3, what is 2202 + 20102?
100011
In base 10, what is -318100 + 0?
-318100
In base 8, what is -54 - -13325?
13251
In base 10, what is 25 + -438?
-413
In base 13, what is 92b - c?
91c
In base 12, what is 2 - 22ba?
-22b8
In base 5, what is -2310410 - -103?
-2310302
In base 3, what is 10100121 + -10121?
10020000
In base 6, what is -13313 + -153?
-13510
In base 9, what is 541 - 1320?
-668
In base 6, what is -40003 + 54?
-35505
In base 6, what is 1115 + 121?
1240
In base 13, what is -11 - 528?
-539
In base 7, what is 2 + 4402255?
4402260
In base 9, what is 3 - -22651?
22654
In base 2, what is 10100110000 + -101011011110?
-10110101110
In base 10, what is -1015 + -1422?
-2437
In 